{"id":7352,"date":"2026-04-13T11:38:03","date_gmt":"2026-04-13T03:38:03","guid":{"rendered":"https:\/\/www.qcygroup.com\/?post_type=product&#038;p=7352"},"modified":"2026-04-16T14:13:09","modified_gmt":"2026-04-16T06:13:09","slug":"qcy-ht08-melobuds-pro","status":"publish","type":"product","link":"https:\/\/www.qcygroup.com\/index.php\/product\/qcy-ht08-melobuds-pro\/","title":{"rendered":"QCY HT08 Melobuds Pro"},"content":{"rendered":"<div class=\"d-flex flex-column align-items-center justify-content-center\">\n<h5 class=\"title_description_init\">Conhe\u00e7a mais sobre o QCY HT08 Melobuds Pro<\/h5>\n<div class=\"d-flex justify-content-between align-items-center gap-10 container_anchors\"><a href=\"https:\/\/www.qcybrasil.com\/produtos\/fone-qcy-ht08-melobuds-pro\/#visao-geral\">Vis\u00e3o geral<\/a><a href=\"https:\/\/www.qcybrasil.com\/produtos\/fone-qcy-ht08-melobuds-pro\/#especificacoes\">Especifica\u00e7\u00f5es t\u00e9cnicas<\/a><\/div>\n<\/div>\n<div class=\"container\" data-short-description=\"\">\n<div class=\"container_short_description\">\n<p>&nbsp;<\/p>\n<p class=\"Paragraph SCXW154981448 BCX8\"><span class=\"TextRun SCXW154981448 BCX8\" lang=\"PT-BR\" xml:lang=\"PT-BR\" data-contrast=\"auto\">O\u00a0<\/span><strong><span class=\"TextRun SCXW154981448 BCX8\" lang=\"PT-BR\" xml:lang=\"PT-BR\" data-contrast=\"auto\"><span class=\"NormalTextRun SpellingErrorV2Themed SCXW154981448 BCX8\">MeloBuds<\/span><span class=\"NormalTextRun SCXW154981448 BCX8\">\u00a0Pro (HT08)<\/span><\/span><\/strong><span class=\"TextRun SCXW154981448 BCX8\" lang=\"PT-BR\" xml:lang=\"PT-BR\" data-contrast=\"auto\"><span class=\"NormalTextRun SCXW154981448 BCX8\">, os fones de ouvido que combinam design sofisticado com tecnologias de ponta para oferecer uma experi\u00eancia sonora incompar\u00e1vel. Perfeito para quem busca imers\u00e3o total na m\u00fasica e qualidade em chamadas, o\u00a0<\/span><span class=\"NormalTextRun SpellingErrorV2Themed SCXW154981448 BCX8\">MeloBuds<\/span><span class=\"NormalTextRun SCXW154981448 BCX8\">\u00a0Pro \u00e9 o acess\u00f3rio ideal para o seu dia a dia.<\/span><\/span><\/p>\n<p>&nbsp;<\/p>\n<p>&nbsp;<\/p>\n<p class=\"Paragraph SCXW154981448 BCX8\"><strong><span class=\"TextRun SCXW154981448 BCX8\" lang=\"PT-BR\" xml:lang=\"PT-BR\" data-contrast=\"auto\">Cancelamento de Ru\u00eddo Adaptativo<\/span><\/strong><span class=\"TextRun SCXW154981448 BCX8\" lang=\"PT-BR\" xml:lang=\"PT-BR\" data-contrast=\"auto\"><span class=\"NormalTextRun SCXW154981448 BCX8\"><strong>:<\/strong>\u00a0Com tecnologia ANC de at\u00e9 46dB, o\u00a0<\/span><span class=\"NormalTextRun SpellingErrorV2Themed SCXW154981448 BCX8\">MeloBuds<\/span><span class=\"NormalTextRun SCXW154981448 BCX8\">\u00a0Pro reduz ru\u00eddos em at\u00e9 99%, adaptando-se automaticamente ao formato do seu canal auditivo para garantir a melhor experi\u00eancia de som. Seja no tr\u00e2nsito, em um escrit\u00f3rio barulhento ou em um caf\u00e9 movimentado, esses fones minimizam ru\u00eddos de ambientes variados, proporcionando uma audi\u00e7\u00e3o limpa e confort\u00e1vel.<\/span><\/span><\/p>\n<p>&nbsp;<\/p>\n<p>&nbsp;<\/p>\n<p class=\"Paragraph SCXW154981448 BCX8\"><strong><span class=\"TextRun SCXW154981448 BCX8\" lang=\"PT-BR\" xml:lang=\"PT-BR\" data-contrast=\"auto\">Quatro Modos de Cancelamento de Ru\u00eddo<\/span><\/strong><span class=\"TextRun SCXW154981448 BCX8\" lang=\"PT-BR\" xml:lang=\"PT-BR\" data-contrast=\"auto\"><strong>:<\/strong>\u00a0Escolha entre quatro modos espec\u00edficos para diferentes cen\u00e1rios, com tr\u00eas n\u00edveis ajust\u00e1veis para cada um. Controle a intensidade do cancelamento de ru\u00eddo e adapte-se ao ambiente com facilidade.<\/span><\/p>\n<p>&nbsp;<\/p>\n<p>&nbsp;<\/p>\n<p class=\"Paragraph SCXW154981448 BCX8\"><strong><span class=\"TextRun SCXW154981448 BCX8\" lang=\"PT-BR\" xml:lang=\"PT-BR\" data-contrast=\"auto\">Som Est\u00e9reo 360\u00ba<\/span><\/strong><span class=\"TextRun SCXW154981448 BCX8\" lang=\"PT-BR\" xml:lang=\"PT-BR\" data-contrast=\"auto\"><span class=\"NormalTextRun SCXW154981448 BCX8\"><strong>:\u00a0<\/strong>O \u00e1udio espacial do\u00a0<\/span><span class=\"NormalTextRun SpellingErrorV2Themed SCXW154981448 BCX8\">MeloBuds<\/span>\u00a0<span class=\"NormalTextRun SCXW154981448 BCX8\">Pro<\/span><span class=\"NormalTextRun SCXW154981448 BCX8\">,<\/span><span class=\"NormalTextRun SCXW154981448 BCX8\">\u00a0cria<\/span><span class=\"NormalTextRun SCXW154981448 BCX8\">\u00a0uma experi\u00eancia de som surround envolvente, semelhante \u00e0 de um cinema. Desfrute de uma imers\u00e3o sonora completa, onde quer que esteja.<\/span><\/span><\/p>\n<p>&nbsp;<\/p>\n<p>&nbsp;<\/p>\n<p class=\"Paragraph SCXW154981448 BCX8\"><strong><span class=\"TextRun SCXW154981448 BCX8\" lang=\"PT-BR\" xml:lang=\"PT-BR\" data-contrast=\"auto\">Modo de Dupla Transpar\u00eancia<\/span><\/strong><span class=\"TextRun SCXW154981448 BCX8\" lang=\"PT-BR\" xml:lang=\"PT-BR\" data-contrast=\"auto\"><span class=\"NormalTextRun SCXW154981448 BCX8\"><strong>:<\/strong>\u00a0<\/span><span class=\"NormalTextRun SCXW154981448 BCX8\">O\u00a0<\/span><\/span><span class=\"TextRun SCXW154981448 BCX8\" lang=\"PT-BR\" xml:lang=\"PT-BR\" data-contrast=\"auto\">Modo de Transpar\u00eancia de N\u00edvel<\/span><span class=\"TextRun SCXW154981448 BCX8\" lang=\"PT-BR\" xml:lang=\"PT-BR\" data-contrast=\"auto\">\u00a0permite ajustar entre 6 n\u00edveis diferentes de transpar\u00eancia, garantindo que voc\u00ea se mantenha seguro e atento ao que acontece ao seu redor enquanto desfruta de suas m\u00fasicas. Essa funcionalidade \u00e9 ideal para ambientes externos, onde \u00e9 importante estar ciente dos sons ao redor sem comprometer a qualidade da audi\u00e7\u00e3o.<\/span><\/p>\n<p>&nbsp;<\/p>\n<p>&nbsp;<\/p>\n<p class=\"Paragraph SCXW154981448 BCX8\"><span class=\"TextRun SCXW154981448 BCX8\" lang=\"PT-BR\" xml:lang=\"PT-BR\" data-contrast=\"auto\">Al\u00e9m disso, o\u00a0<\/span><span class=\"TextRun SCXW154981448 BCX8\" lang=\"PT-BR\" xml:lang=\"PT-BR\" data-contrast=\"auto\">Modo de Aperfei\u00e7oamento Vocal<\/span><span class=\"TextRun SCXW154981448 BCX8\" lang=\"PT-BR\" xml:lang=\"PT-BR\" data-contrast=\"auto\">\u00a0\u00e9 perfeito para conversas face a face, pois o\u00a0<\/span><span class=\"TextRun SCXW154981448 BCX8\" lang=\"PT-BR\" xml:lang=\"PT-BR\" data-contrast=\"auto\"><span class=\"NormalTextRun SpellingErrorV2Themed SCXW154981448 BCX8\">MeloBuds<\/span><span class=\"NormalTextRun SCXW154981448 BCX8\">\u00a0Pro<\/span><\/span><span class=\"TextRun SCXW154981448 BCX8\" lang=\"PT-BR\" xml:lang=\"PT-BR\" data-contrast=\"auto\">\u00a0\u00e9 capaz de identificar e real\u00e7ar as vozes humanas em meio ao som ambiente, facilitando a comunica\u00e7\u00e3o sem que voc\u00ea precise remover os fones de ouvido.<\/span><\/p>\n<p>&nbsp;<\/p>\n<p>&nbsp;<\/p>\n<p class=\"Paragraph SCXW154981448 BCX8\"><strong><span class=\"TextRun SCXW154981448 BCX8\" lang=\"PT-BR\" xml:lang=\"PT-BR\" data-contrast=\"auto\">Chamadas Claras com 6 Microfones<\/span><\/strong><span class=\"TextRun SCXW154981448 BCX8\" lang=\"PT-BR\" xml:lang=\"PT-BR\" data-contrast=\"auto\"><span class=\"NormalTextRun SCXW154981448 BCX8\"><strong>:<\/strong>\u00a0Equipado com seis microfones ENC e tecnologia\u00a0<\/span><span class=\"NormalTextRun SpellingErrorV2Themed SCXW154981448 BCX8\">anti-vento<\/span><span class=\"NormalTextRun SCXW154981448 BCX8\">, o\u00a0<\/span><span class=\"NormalTextRun SpellingErrorV2Themed SCXW154981448 BCX8\">MeloBuds<\/span><span class=\"NormalTextRun SCXW154981448 BCX8\">\u00a0Pro garante chamadas n\u00edtidas, mesmo em ambientes ruidosos.<\/span><\/span><\/p>\n<p>&nbsp;<\/p>\n<p>&nbsp;<\/p>\n<p class=\"Paragraph SCXW154981448 BCX8\"><strong><span class=\"TextRun SCXW154981448 BCX8\" lang=\"PT-BR\" xml:lang=\"PT-BR\" data-contrast=\"auto\">Detec\u00e7\u00e3o de Uso Inteligente<\/span><\/strong><span class=\"TextRun SCXW154981448 BCX8\" lang=\"PT-BR\" xml:lang=\"PT-BR\" data-contrast=\"auto\"><span class=\"NormalTextRun SCXW154981448 BCX8\"><strong>:\u00a0<\/strong>Com tecnologia de pausa e reprodu\u00e7\u00e3o autom\u00e1tica, o\u00a0<\/span><span class=\"NormalTextRun SpellingErrorV2Themed SCXW154981448 BCX8\">MeloBuds<\/span><span class=\"NormalTextRun SCXW154981448 BCX8\">\u00a0Pro detecta quando voc\u00ea est\u00e1 usando os fones e interrompe o som ao remov\u00ea-los, economizando bateria e oferecendo conveni\u00eancia.<\/span><\/span><\/p>\n<p>&nbsp;<\/p>\n<p>&nbsp;<\/p>\n<p class=\"Paragraph SCXW154981448 BCX8\"><strong><span class=\"TextRun SCXW154981448 BCX8\" lang=\"PT-BR\" xml:lang=\"PT-BR\" data-contrast=\"auto\">Conex\u00e3o Multiponto<\/span><\/strong><span class=\"TextRun SCXW154981448 BCX8\" lang=\"PT-BR\" xml:lang=\"PT-BR\" data-contrast=\"auto\"><span class=\"NormalTextRun SCXW154981448 BCX8\"><strong>:<\/strong>\u00a0Conecte simultaneamente dois dispositivos ao\u00a0<\/span><span class=\"NormalTextRun SpellingErrorV2Themed SCXW154981448 BCX8\">MeloBuds<\/span><span class=\"NormalTextRun SCXW154981448 BCX8\">\u00a0Pro e alterne entre eles facilmente, sem interrup\u00e7\u00f5es.<\/span><\/span><\/p>\n<p>&nbsp;<\/p>\n<p>&nbsp;<\/p>\n<p class=\"Paragraph SCXW154981448 BCX8\"><strong><span class=\"TextRun SCXW154981448 BCX8\" lang=\"PT-BR\" xml:lang=\"PT-BR\" data-contrast=\"auto\"><span class=\"NormalTextRun SCXW154981448 BCX8\">Autonomia d<\/span><span class=\"NormalTextRun SCXW154981448 BCX8\">o Estojo de Carregamento de<\/span>\u00a0<span class=\"NormalTextRun SCXW154981448 BCX8\">34 Horas e Carregamento R\u00e1pido<\/span><\/span><\/strong><span class=\"TextRun SCXW154981448 BCX8\" lang=\"PT-BR\" xml:lang=\"PT-BR\" data-contrast=\"auto\"><strong>:<\/strong>\u00a0Desfrute de at\u00e9 34 horas de reprodu\u00e7\u00e3o com o estojo de carregamento (ANC desligado) ou 30 horas com ANC ligado. Carregue rapidamente e obtenha uma hora de \u00e1udio com apenas 10 minutos de carga.<\/span><\/p>\n<p>&nbsp;<\/p>\n<p>&nbsp;<\/p>\n<p class=\"Paragraph SCXW154981448 BCX8\"><strong><span class=\"TextRun SCXW154981448 BCX8\" lang=\"PT-BR\" xml:lang=\"PT-BR\" data-contrast=\"auto\">Som de Alta Resolu\u00e7\u00e3o com LDAC<\/span><\/strong><span class=\"TextRun SCXW154981448 BCX8\" lang=\"PT-BR\" xml:lang=\"PT-BR\" data-contrast=\"auto\"><span class=\"NormalTextRun SCXW154981448 BCX8\"><strong>:\u00a0<\/strong>Experimente detalhes sonoros ricos e uma qualidade de \u00e1udio de alta resolu\u00e7\u00e3o, gra\u00e7as \u00e0 certifica\u00e7\u00e3o\u00a0<\/span><span class=\"NormalTextRun SpellingErrorV2Themed SCXW154981448 BCX8\">Hi<\/span><span class=\"NormalTextRun SCXW154981448 BCX8\">-Res e \u00e0 tecnologia LDAC, que proporcionam uma experi\u00eancia de \u00e1udio excepcional.<\/span><\/span><\/p>\n<p>&nbsp;<\/p>\n<p>&nbsp;<\/p>\n<p class=\"Paragraph SCXW154981448 BCX8\"><strong><span class=\"TextRun SCXW154981448 BCX8\" lang=\"PT-BR\" xml:lang=\"PT-BR\" data-contrast=\"auto\">Especifica\u00e7\u00f5es T\u00e9cnicas:<\/span><\/strong><\/p>\n<p>&nbsp;<\/p>\n<p>&nbsp;<\/p>\n<p class=\"Paragraph SCXW154981448 BCX8\"><span class=\"TextRun SCXW154981448 BCX8\" lang=\"PT-BR\" xml:lang=\"PT-BR\" data-contrast=\"auto\">Vers\u00e3o do Bluetooth:<\/span>\u00a0<span class=\"TextRun SCXW154981448 BCX8\" lang=\"PT-BR\" xml:lang=\"PT-BR\" data-contrast=\"auto\">5.3, garantindo uma conex\u00e3o r\u00e1pida e est\u00e1vel.<\/span><\/p>\n<p>&nbsp;<\/p>\n<p>&nbsp;<\/p>\n<p class=\"Paragraph SCXW154981448 BCX8\"><span class=\"TextRun SCXW154981448 BCX8\" lang=\"PT-BR\" xml:lang=\"PT-BR\" data-contrast=\"auto\">Compatibilidade:<\/span><span class=\"TextRun SCXW154981448 BCX8\" lang=\"PT-BR\" xml:lang=\"PT-BR\" data-contrast=\"auto\">\u00a0<span class=\"NormalTextRun SCXW154981448 BCX8\">Compat\u00edv<\/span><span class=\"NormalTextRun SCXW154981448 BCX8\">e<\/span><span class=\"NormalTextRun SCXW154981448 BCX8\">l<\/span><span class=\"NormalTextRun SCXW154981448 BCX8\">\u00a0com dispositivos iOS e Android.<\/span><\/span><\/p>\n<p>&nbsp;<\/p>\n<p>&nbsp;<\/p>\n<p class=\"Paragraph SCXW154981448 BCX8\"><span class=\"TextRun SCXW154981448 BCX8\" lang=\"PT-BR\" xml:lang=\"PT-BR\" data-contrast=\"auto\">Dist\u00e2ncia de Transmiss\u00e3o:<\/span><span class=\"TextRun SCXW154981448 BCX8\" lang=\"PT-BR\" xml:lang=\"PT-BR\" data-contrast=\"auto\">\u00a0At\u00e9 10 metros em ambiente sem obst\u00e1culos.<\/span><\/p>\n<p>&nbsp;<\/p>\n<p>&nbsp;<\/p>\n<p class=\"Paragraph SCXW154981448 BCX8\"><span class=\"TextRun SCXW154981448 BCX8\" lang=\"PT-BR\" xml:lang=\"PT-BR\" data-contrast=\"auto\">Tempo de Reprodu\u00e7\u00e3o com Estojo Carregado:<\/span><span class=\"TextRun SCXW154981448 BCX8\" lang=\"PT-BR\" xml:lang=\"PT-BR\" data-contrast=\"auto\">\u00a0Aproximadamente 30 horas com o ANC ligado e at\u00e9 34 horas com o ANC desligado, proporcionando um uso prolongado.<\/span><\/p>\n<p>&nbsp;<\/p>\n<p>&nbsp;<\/p>\n<p class=\"Paragraph SCXW154981448 BCX8\"><span class=\"TextRun SCXW154981448 BCX8\" lang=\"PT-BR\" xml:lang=\"PT-BR\" data-contrast=\"auto\">Tempo de Reprodu\u00e7\u00e3o dos Fones:<\/span><span class=\"TextRun SCXW154981448 BCX8\" lang=\"PT-BR\" xml:lang=\"PT-BR\" data-contrast=\"auto\">\u00a0Cerca de 7 horas com o ANC ativado e at\u00e9 8 horas sem o ANC.<\/span><\/p>\n<p>&nbsp;<\/p>\n<p>&nbsp;<\/p>\n<p class=\"Paragraph SCXW154981448 BCX8\"><span class=\"TextRun SCXW154981448 BCX8\" lang=\"PT-BR\" xml:lang=\"PT-BR\" data-contrast=\"auto\">Perfis do Bluetooth:<\/span><span class=\"TextRun SCXW154981448 BCX8\" lang=\"PT-BR\" xml:lang=\"PT-BR\" data-contrast=\"auto\">\u00a0Compat\u00edvel com HFP, A2DP e AVRCP.<\/span><\/p>\n<p>&nbsp;<\/p>\n<p>&nbsp;<\/p>\n<p class=\"Paragraph SCXW154981448 BCX8\"><span class=\"TextRun SCXW154981448 BCX8\" lang=\"PT-BR\" xml:lang=\"PT-BR\" data-contrast=\"auto\">Capacidade da Bateria do Estojo:<\/span><span class=\"TextRun SCXW154981448 BCX8\" lang=\"PT-BR\" xml:lang=\"PT-BR\" data-contrast=\"auto\">\u00a0350mAh, garantindo v\u00e1rias recargas completas para os fones.<\/span><\/p>\n<p>&nbsp;<\/p>\n<p>&nbsp;<\/p>\n<p class=\"Paragraph SCXW154981448 BCX8\"><span class=\"TextRun SCXW154981448 BCX8\" lang=\"PT-BR\" xml:lang=\"PT-BR\" data-contrast=\"auto\">Capacidade da Bateria dos Fones:<\/span><span class=\"TextRun SCXW154981448 BCX8\" lang=\"PT-BR\" xml:lang=\"PT-BR\" data-contrast=\"auto\">\u00a035mAh para cada fone, oferecendo autonomia s\u00f3lida para o dia a dia.<\/span><\/p>\n<p>&nbsp;<\/p>\n<p>&nbsp;<\/p>\n<p class=\"Paragraph SCXW154981448 BCX8\"><span class=\"TextRun SCXW154981448 BCX8\" lang=\"PT-BR\" xml:lang=\"PT-BR\" data-contrast=\"auto\">Ciclos de Carregamento do Estojo:<\/span><span class=\"TextRun SCXW154981448 BCX8\" lang=\"PT-BR\" xml:lang=\"PT-BR\" data-contrast=\"auto\">\u00a0Permite at\u00e9 4 recargas completas para ambos os fones.<\/span><\/p>\n<p>&nbsp;<\/p>\n<p>&nbsp;<\/p>\n<p class=\"Paragraph SCXW154981448 BCX8\"><span class=\"TextRun SCXW154981448 BCX8\" lang=\"PT-BR\" xml:lang=\"PT-BR\" data-contrast=\"auto\">Entrada de Carregamento:<\/span><span class=\"TextRun SCXW154981448 BCX8\" lang=\"PT-BR\" xml:lang=\"PT-BR\" data-contrast=\"auto\">\u00a0Tipo-C, para carregamento r\u00e1pido e conveniente.<\/span><\/p>\n<p>&nbsp;<\/p>\n<p>&nbsp;<\/p>\n<p class=\"Paragraph SCXW154981448 BCX8\"><span class=\"TextRun SCXW154981448 BCX8\" lang=\"PT-BR\" xml:lang=\"PT-BR\" data-contrast=\"auto\">Resist\u00eancia \u00e0 \u00c1gua:<\/span><span class=\"TextRun SCXW154981448 BCX8\" lang=\"PT-BR\" xml:lang=\"PT-BR\" data-contrast=\"auto\">\u00a0Certifica\u00e7\u00e3o IPX5, protegendo contra respingos e suor durante exerc\u00edcios e atividades ao ar livre.<\/span><span class=\"EOP SCXW154981448 BCX8\" data-ccp-props=\"{&quot;134233117&quot;:false,&quot;134233118&quot;:false,&quot;201341983&quot;:0,&quot;335551550&quot;:6,&quot;335551620&quot;:6,&quot;335559685&quot;:0,&quot;335559737&quot;:0,&quot;335559738&quot;:240,&quot;335559739&quot;:240,&quot;335559740&quot;:279}\"><\/p>\n<p><\/span><\/p>\n<p class=\"Paragraph SCXW154981448 BCX8\"><strong>Acompanha na Caixa:<\/strong><\/p>\n<p class=\"Paragraph SCXW154981448 BCX8\">1x Par Fones de Ouvido Bluetooth QCY HT08 Melobuds Pro;<\/p>\n<p class=\"Paragraph SCXW154981448 BCX8\">2x Ponteira Extras (P &amp; G);<\/p>\n<p class=\"Paragraph SCXW154981448 BCX8\">1x Cabo USB-C para Carregamento;<\/p>\n<p class=\"Paragraph SCXW154981448 BCX8\">1x Manual de Usu\u00e1rio em Portugu\u00eas.<\/p>\n<\/div>\n<\/div>\n","protected":false},"excerpt":{"rendered":"<p>Conhe\u00e7a mais sobre o QCY HT08 Melobuds Pro Vis\u00e3o geralEspecifica\u00e7\u00f5es t\u00e9cnicas &nbsp; O\u00a0MeloBuds\u00a0Pro (HT08), os fones de ouvido que combinam design sofisticado com tecnologias de ponta para oferecer uma experi\u00eancia sonora incompar\u00e1vel. Perfeito para quem busca imers\u00e3o total na m\u00fasica e qualidade em chamadas, o\u00a0MeloBuds\u00a0Pro \u00e9 o acess\u00f3rio ideal para o seu dia a dia. [&hellip;]<\/p>\n","protected":false},"featured_media":7353,"comment_status":"open","ping_status":"closed","template":"","meta":[],"product_brand":[],"product_cat":[92],"product_tag":[],"class_list":{"0":"post-7352","1":"product","2":"type-product","3":"status-publish","4":"has-post-thumbnail","6":"product_cat-earbuds","8":"first","9":"instock","10":"sale","11":"shipping-taxable","12":"purchasable","13":"product-type-variable"},"_links":{"self":[{"href":"https:\/\/www.qcygroup.com\/index.php\/wp-json\/wp\/v2\/product\/7352","targetHints":{"allow":["GET"]}}],"collection":[{"href":"https:\/\/www.qcygroup.com\/index.php\/wp-json\/wp\/v2\/product"}],"about":[{"href":"https:\/\/www.qcygroup.com\/index.php\/wp-json\/wp\/v2\/types\/product"}],"replies":[{"embeddable":true,"href":"https:\/\/www.qcygroup.com\/index.php\/wp-json\/wp\/v2\/comments?post=7352"}],"wp:featuredmedia":[{"embeddable":true,"href":"https:\/\/www.qcygroup.com\/index.php\/wp-json\/wp\/v2\/media\/7353"}],"wp:attachment":[{"href":"https:\/\/www.qcygroup.com\/index.php\/wp-json\/wp\/v2\/media?parent=7352"}],"wp:term":[{"taxonomy":"product_brand","embeddable":true,"href":"https:\/\/www.qcygroup.com\/index.php\/wp-json\/wp\/v2\/product_brand?post=7352"},{"taxonomy":"product_cat","embeddable":true,"href":"https:\/\/www.qcygroup.com\/index.php\/wp-json\/wp\/v2\/product_cat?post=7352"},{"taxonomy":"product_tag","embeddable":true,"href":"https:\/\/www.qcygroup.com\/index.php\/wp-json\/wp\/v2\/product_tag?post=7352"}],"curies":[{"name":"wp","href":"https:\/\/api.w.org\/{rel}","templated":true}]}}