{"id":7255,"date":"2026-04-13T09:46:50","date_gmt":"2026-04-13T01:46:50","guid":{"rendered":"https:\/\/www.qcygroup.com\/?post_type=product&#038;p=7255"},"modified":"2026-04-13T09:46:50","modified_gmt":"2026-04-13T01:46:50","slug":"qcy-t1c","status":"publish","type":"product","link":"https:\/\/www.qcygroup.com\/index.php\/product\/qcy-t1c\/","title":{"rendered":"QCY T1C"},"content":{"rendered":"<div class=\"d-flex flex-column align-items-center justify-content-center\">\n<h5 class=\"title_description_init\">Conhe\u00e7a mais sobre o QCY T1C<\/h5>\n<div class=\"d-flex justify-content-between align-items-center gap-10 container_anchors\"><a href=\"https:\/\/www.qcybrasil.com\/produtos\/qcy-t1c\/#visao-geral\">Vis\u00e3o geral<\/a><a href=\"https:\/\/www.qcybrasil.com\/produtos\/qcy-t1c\/#especificacoes\">Especifica\u00e7\u00f5es t\u00e9cnicas<\/a><\/div>\n<\/div>\n<div class=\"container\" data-short-description=\"\">\n<div class=\"container_short_description\">\n<p><strong>Tecnologia Bluetooth 5.1:<\/strong>\u00a0A velocidade de transmiss\u00e3o \u00e9 o dobro da tecnologia Bluetooth 4.2, e o consumo de energia \u00e9 reduzido pela metade. Melhor desempenho anti-interfer\u00eancia e conex\u00e3o mais est\u00e1vel. Transmiss\u00e3o em tempo real de chamadas e jogos para evitar atrasos na voz.<\/p>\n<p>CVC 6.0 tecnologia de redu\u00e7\u00e3o de ru\u00eddo + componentes de alta sensibilidade: melhora o n\u00edvel de reconhecimento da voz e pode comunicar-se facilmente mesmo em ambientes ruidosos. Torne a liga\u00e7\u00e3o mais clara e real.<\/p>\n<p>Cavidade independente + encaixe de 7.2 mm: qualidade de som transparente, mais pura e tridimensional. Conta com um mini subwoofer.<\/p>\n<p><strong>Design ergon\u00f4mico:<\/strong>\u00a0Pequeno e confort\u00e1vel, o tamanho da ponta do dedo, encaixe preciso e quase invis\u00edvel. Ergonomicamente projetado, a fuselagem \u00e9 larga o suficiente para se ajustar aos contornos do ouvido, sem dor de press\u00e3o.<\/p>\n<p>Fator de prote\u00e7\u00e3o IPX4: resistentes \u00e0 respingos e suor, os fones s\u00e3o perfeitos para pr\u00e1tica de esportes, com encaixe bem firme que evita quedas durante as atividades.<\/p>\n<p>Nova vers\u00e3o compat\u00edvel com o App QCY: personalize os comandos nos fones via App e tamb\u00e9m selecione a equaliza\u00e7\u00e3o que mais lhe agrada ou simplesmente crie a sua pr\u00f3pria equaliza\u00e7\u00e3o.<\/p>\n<p><strong>Especifica\u00e7\u00f5es:<\/strong><\/p>\n<p>Marca: QCY<br \/>\nModelo: T1C<br \/>\nCor: Preta<br \/>\nTipo de uso: Intra-auricular<br \/>\nPrompt de voz: Sim<\/p>\n<p><strong>Par\u00e2metros t\u00e9cnicos:<\/strong><\/p>\n<p>Microfone: Sim<br \/>\nVers\u00e3o do Bluetooth: 5.1<br \/>\nDist\u00e2ncia de Transmiss\u00e3o: 10m (metros)<br \/>\nSensibilidade: 108dB<br \/>\nImped\u00e2ncia: 32 ohms<br \/>\nDriver: 6mm<br \/>\nCapacidade de bateria Case de carregamento: 380mAh, 3.7V (equivale a 20 horas de uso)<br \/>\nCada fone de ouvido: 43mAh, 3.7 V<br \/>\nTempo de carregamento (h) 1-2h<br \/>\nTempo de uso (m\u00fasica e conversa\u00e7\u00e3o) 4 a 5 horas<br \/>\nTempo de espera (h) 120 h<\/p>\n<p><strong>Conte\u00fado da Caixa:<\/strong><\/p>\n<p>1x Par de Fones QCY T1C TWS Original;<br \/>\n2 x Pares de Ponteiras Extras (P &amp; G);<br \/>\n1 x Case de Carregamento;<br \/>\n1 x Cabo Micro-USB;<br \/>\n1 x Manual do Usu\u00e1rio.<\/p>\n<\/div>\n<\/div>\n","protected":false},"excerpt":{"rendered":"<p>Conhe\u00e7a mais sobre o QCY T1C Vis\u00e3o geralEspecifica\u00e7\u00f5es t\u00e9cnicas Tecnologia Bluetooth 5.1:\u00a0A velocidade de transmiss\u00e3o \u00e9 o dobro da tecnologia Bluetooth 4.2, e o consumo de energia \u00e9 reduzido pela metade. Melhor desempenho anti-interfer\u00eancia e conex\u00e3o mais est\u00e1vel. Transmiss\u00e3o em tempo real de chamadas e jogos para evitar atrasos na voz. CVC 6.0 tecnologia de [&hellip;]<\/p>\n","protected":false},"featured_media":7263,"comment_status":"open","ping_status":"closed","template":"","meta":[],"product_brand":[],"product_cat":[92],"product_tag":[],"class_list":{"0":"post-7255","1":"product","2":"type-product","3":"status-publish","4":"has-post-thumbnail","6":"product_cat-earbuds","8":"first","9":"instock","10":"sale","11":"shipping-taxable","12":"purchasable","13":"product-type-variable"},"_links":{"self":[{"href":"https:\/\/www.qcygroup.com\/index.php\/wp-json\/wp\/v2\/product\/7255","targetHints":{"allow":["GET"]}}],"collection":[{"href":"https:\/\/www.qcygroup.com\/index.php\/wp-json\/wp\/v2\/product"}],"about":[{"href":"https:\/\/www.qcygroup.com\/index.php\/wp-json\/wp\/v2\/types\/product"}],"replies":[{"embeddable":true,"href":"https:\/\/www.qcygroup.com\/index.php\/wp-json\/wp\/v2\/comments?post=7255"}],"wp:featuredmedia":[{"embeddable":true,"href":"https:\/\/www.qcygroup.com\/index.php\/wp-json\/wp\/v2\/media\/7263"}],"wp:attachment":[{"href":"https:\/\/www.qcygroup.com\/index.php\/wp-json\/wp\/v2\/media?parent=7255"}],"wp:term":[{"taxonomy":"product_brand","embeddable":true,"href":"https:\/\/www.qcygroup.com\/index.php\/wp-json\/wp\/v2\/product_brand?post=7255"},{"taxonomy":"product_cat","embeddable":true,"href":"https:\/\/www.qcygroup.com\/index.php\/wp-json\/wp\/v2\/product_cat?post=7255"},{"taxonomy":"product_tag","embeddable":true,"href":"https:\/\/www.qcygroup.com\/index.php\/wp-json\/wp\/v2\/product_tag?post=7255"}],"curies":[{"name":"wp","href":"https:\/\/api.w.org\/{rel}","templated":true}]}}