{"id":7228,"date":"2026-04-13T09:07:44","date_gmt":"2026-04-13T01:07:44","guid":{"rendered":"https:\/\/www.qcygroup.com\/?post_type=product&#038;p=7228"},"modified":"2026-04-19T13:13:46","modified_gmt":"2026-04-19T05:13:46","slug":"qcy-t20","status":"publish","type":"product","link":"https:\/\/www.qcygroup.com\/index.php\/product\/qcy-t20\/","title":{"rendered":"QCY T20"},"content":{"rendered":"<div class=\"d-flex flex-column align-items-center justify-content-center\">\n<h5 class=\"title_description_init\">Conhe\u00e7a mais sobre o QCY T20<\/h5>\n<div class=\"d-flex justify-content-between align-items-center gap-10 container_anchors\"><a href=\"https:\/\/www.qcybrasil.com\/produtos\/qcy-t20-ailypods\/#visao-geral\">Vis\u00e3o geral<\/a><a href=\"https:\/\/www.qcybrasil.com\/produtos\/qcy-t20-ailypods\/#especificacoes\">Especifica\u00e7\u00f5es t\u00e9cnicas<\/a><\/div>\n<\/div>\n<div class=\"container\" data-short-description=\"\">\n<div class=\"container_short_description\">\n<p>O Semi In-Ear mais aguardado de todos os tempos, o som \u00e9 imbat\u00edvel com o maior alto-falante que um QCY j\u00e1 viu, o t\u00e3o aguardado Bluetooth 5.3 vem pela primeira vez em nossa hist\u00f3ria. Novo design. Super conforto. Cheio de pot\u00eancia, fomos ao extremo em cada um dos seus detalhes, o fone para ouvidos exigentes. Pra come\u00e7ar voc\u00ea nunca mais vai se incomodar com os fones de ouvido Bluetooth. Este dispositivo \u00e9 do jeito que seu ouvido gosta de ouvir.<\/p>\n<p><strong>Design:<\/strong>\u00a0Semi In-Ear. Mas n\u00e3o se engane com a pot\u00eancia das m\u00fasicas. Gra\u00e7as a um novo e exclusivo alto-falante os graves nunca chegaram t\u00e3o alto, o fone que voc\u00ea sempre procurou. Com a tecnologia que voc\u00ea nem sabia que existia.<\/p>\n<p><strong>Alto-falante:<\/strong>\u00a013&#8243; O maior alto-falante que j\u00e1 usamos. \u00c9 gigante!<br \/>\nProjetado exclusivamente com treze mil\u00edmetros, ele \u00e9 capaz de entregar alta fidelidade at\u00e9 mesmo fora do canal auditivo.<\/p>\n<p><strong>Conex\u00e3o:<\/strong>\u00a0O Bluetooth 5.3 te deu poderes de andar livre, sem parar de ouvir sua m\u00fasica favorita. Agora voc\u00ea pode dan\u00e7ar e esquecer do seu celular.<\/p>\n<p>N\u00e3o \u00e9 \u00e0 toa que suas m\u00fasicas ficam melhores, pot\u00eancia em cada m\u00fasica. Beleza em cada detalhe.<\/p>\n<p>Chamadas: Suas videoconfer\u00eancias prometem, com quatro microfones com qualidade de est\u00fadio.<\/p>\n<p>Eles trabalham com o exclusivo processador de cancelamento de ru\u00eddo ENC. Enquanto captam sua voz, processam e eliminam todo ru\u00eddo. Para que todos em sua chamada escutem sua voz e mais nada.<\/p>\n<p><strong>Resist\u00eancia \u00e0 \u00e1gua:<\/strong>\u00a0Prote\u00e7\u00e3o IPX4, ele n\u00e3o tem medo de se molhar. Resist\u00eancia a respingos, suor e poeira.<\/p>\n<p><strong>Conex\u00e3o com App QCY:<\/strong>\u00a0Algumas funcionalidades do App parecem m\u00e1gica, trouxemos grandes recursos, Dispon\u00edvel para Apple Store e Google Play:<\/p>\n<p>Comandos &#8211; One, Double or Triple tap. Escolha os comandos para um, dois e tr\u00eas toques, os comandos s\u00e3o configur\u00e1veis no App QCY, voc\u00ea escolhe!<\/p>\n<p>Sleeping Mode. Para voc\u00ea bloquear todos os comandos do fone, e mexer sem se preocupar em acionar qualquer comando.<\/p>\n<p>Play. Pause. Volume. Avan\u00e7ar. Voltar. Atender. Cancelar. E muito mais. \u00c9 poss\u00edvel configurar qualquer um dos comandos, com as a\u00e7\u00f5es que voc\u00ea mais utiliza.<\/p>\n<p>Seu som. Suas regras. Um equalizador capaz de regular cada uma das frequ\u00eancias sonoras, para o seu ouvido curtir suas m\u00fasicas preferidas do jeito que ele gosta.<\/p>\n<p><strong>Game Mode:<\/strong>\u00a0Para turbinar sua performance em todos os seus jogos, com redu\u00e7\u00e3o de lat\u00eancia e otimiza\u00e7\u00e3o do Bluetooth voc\u00ea vai ter uma experi\u00eancia incr\u00edvel jogando seus games preferidos sem perder qualidade de som e sem atrasos. E a lat\u00eancia do T20\u00ae vai para 0,4ms.<\/p>\n<p>Recarga turbinada: Portas USB-C ultra r\u00e1pidas. Para quem quer rapidez, \u00e9 a melhor sa\u00edda.<\/p>\n<p>Uma bateria de 220mAh com superpoderes do nosso exclusivo sistema Quick Charger. Ela \u00e9 capaz de entregar uma hora de m\u00fasica sem parar, com apenas dez minutos de carga. Voc\u00ea nunca mais vai ficar sem bateria.<br \/>\n5,5h De m\u00fasica sem parar.<br \/>\n20h Usando as recargas da case.<br \/>\n300 Reprodu\u00e7\u00f5es das suas m\u00fasicas favoritas sem parar.<\/p>\n<p><strong>Para usu\u00e1rios avan\u00e7ados e nem t\u00e3o avan\u00e7ados, detalhes que mudam tudo.<\/strong><\/p>\n<p>Bluetooth 5.3<br \/>\nCodec AAC<br \/>\n3.7 gramas<br \/>\nDriver din\u00e2mico 13mm<br \/>\nFrequ\u00eancia 20 &#8211; 20000Hz<br \/>\nImped\u00e2ncia 33 a 100<br \/>\nSensibilidade 102dB<\/p>\n<p><strong>Conte\u00fado da Embalagem:<\/strong><\/p>\n<p>01x Par de Fones QCY T20<\/p>\n<p>01x Case de Carregamento<\/p>\n<p>01x Cabo Tipo C<\/p>\n<p>01x Manual do Usu\u00e1rio<\/p>\n<\/div>\n<\/div>\n","protected":false},"excerpt":{"rendered":"<p>Conhe\u00e7a mais sobre o QCY T20 Vis\u00e3o geralEspecifica\u00e7\u00f5es t\u00e9cnicas O Semi In-Ear mais aguardado de todos os tempos, o som \u00e9 imbat\u00edvel com o maior alto-falante que um QCY j\u00e1 viu, o t\u00e3o aguardado Bluetooth 5.3 vem pela primeira vez em nossa hist\u00f3ria. Novo design. Super conforto. Cheio de pot\u00eancia, fomos ao extremo em cada [&hellip;]<\/p>\n","protected":false},"featured_media":7229,"comment_status":"open","ping_status":"closed","template":"","meta":[],"product_brand":[],"product_cat":[94,15],"product_tag":[],"class_list":{"0":"post-7228","1":"product","2":"type-product","3":"status-publish","4":"has-post-thumbnail","6":"product_cat-headphones","7":"product_cat-uncategorized","9":"first","10":"instock","11":"sale","12":"shipping-taxable","13":"purchasable","14":"product-type-variable"},"_links":{"self":[{"href":"https:\/\/www.qcygroup.com\/index.php\/wp-json\/wp\/v2\/product\/7228","targetHints":{"allow":["GET"]}}],"collection":[{"href":"https:\/\/www.qcygroup.com\/index.php\/wp-json\/wp\/v2\/product"}],"about":[{"href":"https:\/\/www.qcygroup.com\/index.php\/wp-json\/wp\/v2\/types\/product"}],"replies":[{"embeddable":true,"href":"https:\/\/www.qcygroup.com\/index.php\/wp-json\/wp\/v2\/comments?post=7228"}],"wp:featuredmedia":[{"embeddable":true,"href":"https:\/\/www.qcygroup.com\/index.php\/wp-json\/wp\/v2\/media\/7229"}],"wp:attachment":[{"href":"https:\/\/www.qcygroup.com\/index.php\/wp-json\/wp\/v2\/media?parent=7228"}],"wp:term":[{"taxonomy":"product_brand","embeddable":true,"href":"https:\/\/www.qcygroup.com\/index.php\/wp-json\/wp\/v2\/product_brand?post=7228"},{"taxonomy":"product_cat","embeddable":true,"href":"https:\/\/www.qcygroup.com\/index.php\/wp-json\/wp\/v2\/product_cat?post=7228"},{"taxonomy":"product_tag","embeddable":true,"href":"https:\/\/www.qcygroup.com\/index.php\/wp-json\/wp\/v2\/product_tag?post=7228"}],"curies":[{"name":"wp","href":"https:\/\/api.w.org\/{rel}","templated":true}]}}